pic 9

Clifton PWS

sun

Now
Today
Yesterday
This Month
This Year
Monthly records
All Time Records

Archive Charts Gauges NOAA Style reports Shap Weather Station

NOAA Style reports
Select a Year or Month report
V/Λ2020 > Jan Feb Mar Apr May Jun Jul Aug Sep Oct Nov Dec
V/Λ2019 > Jan Feb Mar Apr May Jun Jul Aug Sep Oct Nov Dec
V/Λ2018 > Jan Feb Mar Apr May Jun Jul Aug Sep Oct Nov Dec
V/Λ2017 > Jan Feb Mar Apr May Jun Jul Aug Sep Oct Nov Dec
V/Λ2016 > Jan Feb Mar Apr May Jun Jul Aug Sep Oct Nov Dec
V/Λ2015 > Jan Feb Mar Apr May Jun Jul Aug Sep Oct Nov Dec
V/Λ2014 > Jan Feb Mar Apr May Jun Jul Aug Sep Oct Nov Dec
V/Λ2013 > Jan Feb Mar Apr May Jun Jul Aug Sep Oct Nov Dec
V/Λ2012 > Jan Feb Mar Apr May Jun Jul Aug Sep Oct Nov Dec
V/Λ2011 > Jan Feb Mar Apr May Jun Jul Aug Sep Oct Nov Dec
V/Λ2010 > Jan Feb Mar Apr May Jun Jul Aug Sep Oct Nov Dec
V/Λ2009 > Jan Feb Mar Apr May Jun Jul Aug Sep Oct Nov Dec

Report for 2020 May
                   Monthly Climatological Summary for May 2020

Name: Clifton Weather Station   City: Clifton   State: Cumbria
Elevation: 159 m  Lat: N 54° 37' 49"   Lon: W 002° 43' 05"

                  Temperature (°C), Rain (mm), Wind Speed (mph)

                                      Heat  Cool        Avg
    Mean                              Deg   Deg         Wind                 Dom
Day Temp  High   Time   Low    Time   Days  Days  Rain  Speed High   Time    Dir
----------------------------------------------------------------------------------
01   8.5  13.3   17:12   4.1   02:46   9.8   0.0   6.0   2.0  16.8   16:55   WSW
02  11.4  16.8   17:16   6.8   02:59   6.9   0.0   0.3   2.7  13.6   14:56     W
03  10.8  17.5   14:57   4.1   05:49   7.5   0.0   0.0   1.2  11.4   14:10   WSW
04  10.0  17.4   16:42   3.4   05:47   8.3   0.0   0.0   1.2   9.2   13:08     E
05   9.7  16.4   16:31   2.4   06:11   8.6   0.0   0.0   1.3  13.6   10:28    SE
06  10.2  19.6   18:04   0.7   05:58   8.1   0.0   0.0   1.0   9.8   16:08     S
07  12.8  20.9   13:52   3.1   05:38   5.7   0.2   0.0   1.7  12.1   11:57    SW
08  14.5  20.0   16:08   8.9   05:38   3.9   0.1   0.0   1.1   9.8   17:27   NNW
09  14.8  22.2   15:04   6.8   05:43   4.3   0.8   0.0   1.2  12.1   16:38    NW
10   8.8  13.1   00:00   2.4   23:38   9.5   0.0   0.3   1.3  14.5   17:37    NE
11   6.9  12.8   17:05   1.2   03:57  11.4   0.0   0.3   1.8  12.1   16:04   NNW
12   9.0  15.6   16:32   4.1   05:39   9.3   0.0   0.3   3.1  19.0   16:40   WNW
13   7.7  12.8   14:54   3.0   23:59  10.6   0.0   0.0   1.1   9.2   12:51   NNE
14   7.8  15.2   15:09  -0.7   05:19  10.5   0.0   0.0   2.0  13.6   11:04   WNW
15   9.8  15.5   17:12   3.8   05:11   8.5   0.0   0.0   2.6  18.3   15:34     W
16  11.0  15.5   14:20   6.8   04:56   7.3   0.0   0.0   4.2  21.3   15:58   WSW
17  12.8  17.7   15:26   9.9   03:12   5.5   0.0   0.0   4.0  22.1   19:59   SSW
18  14.0  19.0   15:36  11.6   03:18   4.3   0.0   0.6   3.0  17.4   01:53   SSW
19  15.3  20.2   17:17  12.1   02:53   3.1   0.2   2.1   2.3  14.5   13:49    SW
20  17.2  25.8   17:34   8.7   05:18   3.1   2.0   0.0   1.9  14.5   13:07     S
21  15.3  22.0   18:00   8.7   04:11   3.5   0.5   0.0   2.0  16.8   13:51    SW
22  13.2  16.1   16:01   9.4   23:15   5.1   0.0  18.0   9.6  41.2   12:19   SSW
23  11.1  14.1   17:33   9.0   05:51   7.2   0.0   4.5   9.2  30.4   16:05    SW
24  13.2  16.5   17:47  10.3   00:11   5.1   0.0   1.5   5.0  27.3   04:18   WSW
25  14.6  20.5   15:20   7.8   05:11   3.9   0.2   0.0   3.4  19.7   12:10   SSW
26  15.6  20.3   16:47  11.8   23:52   2.9   0.2   0.0   2.3  14.5   13:03   WSW
27  14.2  21.2   17:53   6.3   04:45   4.5   0.4   0.0   1.1   9.8   10:50     N
28  17.4  25.7   17:26   9.1   04:44   2.9   2.0   0.0   1.0   9.2   12:17   SSW
29  19.5  26.7   16:14  11.6   05:42   1.9   3.1   0.0   1.1  13.0   12:37    SE
----------------------------------------------------------------------------------
    12.3  26.7    29    -0.7    14   183.2   9.7  33.9   2.6  41.2    22      SW

Max >=  27.0  0
Max <=   0.0  0
Min <=   0.0  1
Min <= -18.0  0
Max Rain: 18.0 on day 22
Days of Rain: 10 (>= 0.2 mm)  4 (>= 2.0 mm)  0 (>= 20.0 mm)
Heat Base: 18.3  Cool Base: 18.3  Method: Integration
Update : 09/01/2019 01:15:03
Powered by Cumulus :v3.0.0 (3043)