pic 9

Clifton PWS

sun

Now
Today
Yesterday
This Month
This Year
Monthly records
All Time Records

Archive Charts Gauges NOAA Style reports Shap Weather Station

NOAA Style reports
Select a Year or Month report

Report for 2021 Jun
                   Monthly Climatological Summary for Jun 2021

Name: Clifton Weather Station   City: Clifton   State: Cumbria
Elevation: 159 m  Lat: N 54° 37' 49"   Lon: W 002° 43' 05"

                  Temperature (°C), Rain (mm), Wind Speed (mph)

                                      Heat  Cool        Avg
    Mean                              Deg   Deg         Wind                 Dom
Day Temp  High   Time   Low    Time   Days  Days  Rain  Speed High   Time    Dir
----------------------------------------------------------------------------------
01  18.6  25.5   17:19  11.0   05:00   2.0   2.3   0.0   0.9  12.1   17:29    SE
02  18.5  25.0   16:19  13.0   04:56   1.8   1.9   0.0   1.6  17.4   13:34    SE
03  15.0  21.7   13:25  12.3   22:51   3.5   0.2   0.6   1.6  12.1   03:49   SSE
04  14.1  21.3   17:24   7.8   06:07   4.5   0.3   0.0   1.8  14.5   12:27    SW
05  15.4  22.0   14:49   6.9   03:52   3.7   0.8   0.0   1.9  15.2   15:10   SSW
06  16.0  21.2   16:53  11.2   23:57   2.8   0.5   0.0   1.4   9.8   07:27   NNW
07  16.3  22.1   14:53   9.9   04:31   3.0   1.0   0.0   2.3  16.8   14:27   SSW
08  15.7  20.5   17:54  10.1   03:48   3.0   0.3   0.0   2.4  14.5   08:05    SW
09  17.2  21.6   12:58  12.4   05:06   1.9   0.8   0.0   3.7  21.3   15:02   SSW
10  17.2  19.8   13:59  14.7   03:47   1.3   0.2   0.0   4.7  24.4   16:31   SSW
11  16.4  19.9   16:57  13.8   23:00   1.9   0.1   0.0   5.2  23.5   02:46    SW
12  15.3  19.4   17:31  11.1   05:36   3.1   0.1   0.0   3.0  16.8   13:42     W
13  18.7  22.3   15:11  14.3   02:01   1.2   1.5   0.0   2.1  15.9   13:21    SW
14  15.6  18.8   00:00  10.9   23:56   2.8   0.0   0.3   3.4  18.3   14:06     W
15  15.9  22.0   18:41   9.1   02:01   3.1   0.7   0.0   2.1  15.9   17:20   SSW
16  15.9  19.4   12:04  13.1   23:42   2.5   0.0   0.0   2.3  22.1   05:25   SSW
17  16.4  20.8   14:45  12.4   04:47   2.5   0.6   0.0   1.8  13.0   18:18   NNW
18  15.0  21.2   13:49   9.2   04:58   3.6   0.3   0.0   0.9   9.8   08:01     N
19  16.8  22.6   15:02  11.6   05:05   2.3   0.8   0.0   1.1  13.0   10:28     S
20  15.2  20.4   17:59   9.3   04:14   3.4   0.3   0.0   1.1  10.7   18:15     N
21  13.7  17.2   18:57   8.8   23:58   4.6   0.0   0.0   0.5   6.9   11:33   ENE
22  13.4  19.7   18:04   5.1   04:40   5.0   0.1   0.0   1.7  13.0   18:48   WNW
23  15.0  16.3   13:20  10.2   07:02   3.3   0.0   1.5   0.3   6.9   17:41    SW
24  16.6  22.3   15:13  13.5   04:16   2.4   0.7   7.5   1.3  13.6   16:18     W
----------------------------------------------------------------------------------
    16.0  25.5     1     5.1    22    69.2  13.5   9.9   2.0  24.4    10      SW

Max >=  27.0  0
Max <=   0.0  0
Min <=   0.0  0
Min <= -18.0  0
Max Rain: 7.5 on day 24
Days of Rain: 4 (>= 0.2 mm)  1 (>= 2.0 mm)  0 (>= 20.0 mm)
Heat Base: 18.3  Cool Base: 18.3  Method: Integration
Update : 09/01/2019 01:15:03
Powered by Cumulus :v3.0.0 (3043)